o base 8
-1045617
-25651103 (base 7) to base 15
-315d18
15005060 (base 8) to base 4
31000220300
12677331 (base 8) to base 12
b55735
What is -c675 (base 15) in base 9?
-63502
15205412 (base 7) to base 10
1447322
145a92 (base 11) to base 6
4513341
What is -10000110110000101110 (base 2) in base 15?
-ad83c
-4532263 (base 8) to base 13
-33bcb7
What is 274135 (base 8) in base 12?
47911
Convert 12012020112 (base 3) to base 16.
18f5c
Convert 1445022 (base 6) to base 4.
110201012
What is 73d9 (base 14) in base 10?
19987
-500735 (base 11) to base 14
-16dad6
-5504165 (base 8) to base 3
-2210000200112
What is b71b50 (base 15) in base 11?
4a11586
3331232213 (base 4) to base 11
64a902
Convert -4051156 (base 7) to base 9.
-815534
476425a (base 11) to base 13
194b140
Convert -100110001011000010 (base 2) to base 12.
-76596
What is -2da3da (base 14) in base 11?
-9a5624
Convert 13302121 (base 5) to base 7.
1100412
Convert -110011110100001001 (base 2) to base 4.
-303310021
Convert 1ef34 (base 16) to base 3.
20102220021
What is a54912 (base 15) in base 6?
440304025
11100111111111001 (base 2) to base 11
8126a
What is -35115c (base 14) in base 7?
-21241545
Convert 4a432 (base 12) to base 9.
163282
Convert 23032422 (base 6) to base 12.
29b712
What is -11621104 (base 9) in base 14?
-a7cd0c
What is 2041533 (base 7) in base 8?
737412
What is -1100101111110110110 (base 2) in base 9?
-706001
What is -2210233233 (base 4) in base 10?
-674799
-14273 (base 10) to base 13
-665c
-cb394 (base 15) to base 14
-12b30b
Convert 19eb43 (base 16) to base 10.
1698627
Convert 637d35 (base 16) to base 5.
3132120432
556112 (base 8) to base 10
187466
What is -954a4 (base 13) in base 2?
-1000001101000101100
What is 1001030102000 (base 4) in base 2?
1000001001100010010000000
52839 (base 16) to base 10
337977
What is -20ba7 (base 15) in base 11?
-71059
350455004 (base 6) to base 10
6477196
Convert -1308544 (base 10) to base 16.
-13f780
What is 5aa24a (base 11) in base 13?
27a488
Convert -91695 (base 12) to base 3.
-100121201012
What is -10000011011100010 (base 2) in base 10?
-67298
3778 (base 12) to base 15
1cde
Convert -263c73 (base 14) to base 16.
-1417dd
What is -1e4a1 (base 15) in base 6?
-2041554
Convert 18b0c (base 16) to base 3.
12010201122
-9eb330 (base 16) to base 12
-3596a14
-25203614 (base 8) to base 16
-55078c
What is 12601213 (base 7) in base 8?
4331706
Convert -738955 (base 12) to base 8.
-6741121
Convert -494589 (base 13) to base 14.
-338687
-e90ec (base 15) to base 9
-1346166
What is 1123411 (base 9) in base 15?
be8dd
430232 (base 6) to base 4
20210030
Convert 110110002201 (base 3) to base 7.
2040223
Convert -1344341100 (base 5) to base 3.
-20121102121000
Convert 330155305 (base 6) to base 3.
102002110012012
-10c222 (base 15) to base 11
-4a7358
What is -1650a2 (base 13) in base 3?
-1001010122020
142212 (base 10) to base 4
202232010
Convert 503749 (base 10) to base 8.
1727705
What is -288581 (base 9) in base 6?
-3442544
What is -8366b (base 15) in base 5?
-101312301
What is -1f0bc (base 16) in base 4?
-133002330
Convert 33672234 (base 8) to base 14.
d81d12
What is -1142651 (base 8) in base 3?
-120220000011
What is 2b2842 (base 12) in base 3?
1101002221112
What is 3333400422 (base 5) in base 9?
14704143
What is 401646 (base 7) in base 5?
4133044
What is -47554346 (base 8) in base 13?
-22064b9
What is -16a9994 (base 11) in base 8?
-13033050
Convert 122750 (base 9) to base 7.
426306
What is -21224313 (base 5) in base 14?
-49822
-630112 (base 7) to base 15
-2206d
What is -1330030121 (base 4) in base 12?
-206475
Convert 1010020012002 (base 3) to base 7.
5025461
What is 2333115 (base 6) in base 13?
4323b
What is 50974 (base 10) in base 11?
35330
-232626 (base 9) to base 8
-420745
413420314 (base 6) to base 4
123113001112
Convert -6035222 (base 8) to base 2.
-110000011101010010010
Convert -1303403131 (base 5) to base 8.
-14114227
What is 100110011011111111 (base 2) in base 13?
56879
What is 10a5218 (base 12) in base 13?
881762
What is 6474103 (base 8) in base 10?
1734723
-1947766 (base 10) to base 16
-1db876
Convert 6b6923 (base 14) to base 7.
43114143
-11405512 (base 6) to base 4
-1113220310
-22001303233 (base 4) to base 5
-1133110342
-11011000102101 (base 3) to base 12
-8a3b17
What is d8bd11 (base 14) in base 8?
33757713
-431030 (base 9) to base 8
-765173
Convert 12406301 (base 9) to base 10.
6086665
6444852 (base 9) to base 8
15133351
What is 14546213 (base 8) in base 15?
45b643
-12055 (base 14) to base 12
-2154b
What is 1271b71 (base 13) in base 7?
100034163
62e06 (base 16) to base 14
a7846
Convert -333875 (base 9) to base 12.
-97705
-2c2b (base 13) to base 9
-8766
Convert -7367120 (base 8) to base 16.
-1dee50
What is -2252261 (base 7) in base 14?
-74968
What is 1111021100 (base 3) in base 2?
111001010101110
What is -b2d6 (base 15) in base 9?
-56733
141655 (base 10) to base 14
398a3
2ca93 (base 13) to base 12
41440
-17722b (base 14) to base 11
-514960
1284858 (base 15) to base 12
4569b92
Convert 1367011 (base 10) to base 16.
14dbe3
-1d887 (base 16) to base 3
-20010221021
What is -9152a (base 11) in base 14?
-36a49
-4a245 (base 15) to base 13
-839c9
Convert -4054544 (base 6) to base 5.
-22203201
Convert -2c6102 (base 14) to base 7.
-16126402
What is -1136654 (base 7) in base 14?
-3a6d4
What is -558486 (base 9) in base 10?
-334284
What is 12412102 (base 5) in base 6?
2344225
What is -10010110201212 (base 3) in base 11?
-a361a6
Convert 60029b (base 14) to base 13.
890062
Convert -31120205 (base 6) to base 15.
-12ab3e
Convert ec64 (base 15) to base 2.
1100001101111100
61869 (base 16) to base 13
10ca91
What is 10132113122 (base 4) in base 6?
41050202
-32745 (base 15) to base 10
-160265
Convert -353620 (base 7) to base 15.
-13d5d
What is -557c7 (base 15) in base 14?
-71078
Convert b2470 (base 12) to base 15.
48c0c
What is 19757 (base 14) in base 15?
141e1
Convert 2082518 (base 10) to base 11.
11a2699
505a20 (base 16) to base 4
110011220200
What is 302747 (base 9) in base 4?
223300033
What is 30510343 (base 6) in base 16?
d6df7
What is 1000101011010100000111 (base 2) in base 8?
10532407
-3583862 (base 10) to base 13
-986339
-36618a (base 12) to base 5
-211202110
Convert -2210140 (base 5) to base 4.
-21110122
-3b74c7 (base 16) to base 2
-1110110111010011000111
124310104 (base 5) to base 10
619404
Convert 55b421 (base 14) to base 6.
142230221
What is -99133 (base 10) in base 11?
-68531
Convert 26a45 (base 13) to base 16.
11973
What is -1010000001010110100 (base 2) in base 15?
-67467
What is -2a21510 (base 11) in base 16?
-4f1d5d
Convert 20321021 (base 4) to base 13.
1376c
What is 13021321010 (base 4) in base 8?
7117104
1b7ab (base 14) to base 3
10120012011
1000100100100001111100 (base 2) to base 3
11020011000002
-122301142 (base 5) to base 2
-10001111011110011000
Convert 292736 (base 10) to base 8.
1073600
Convert 16a3ad6 (base 14) to base 10.
11151020
3124162 (base 12) to base 6
530213002
5302332 (base 9) to base 6
140442002
Convert 1101000121210 (base 3) to base 10.
728724
Convert -1594a2 (base 15) to base 4.
-3332313113
Convert 13533746 (base 8) to base 9.
5675816
Convert 110303230301 (base 4) to base 2.
10100110011101100110001
Convert 236105454 (base 7) to base 4.
320022330102
2604 (base 15) to base 12
4834
What is -33313310 (base 4) in base 9?
-108155
-3424232304 (base 5) to base 16
-74b737
-124526 (base 14) to base 2
-10011000111111010110
Convert 2a9eb1 (base 15) to base 11.
11867a8
-128c43 (base 16) to base 12
-4a7543
-1205126 (base 7) to base 14
-3dabd
16417233 (base 9) to base 12
2904903
What is -1806cc4 (base 14) in base 16?
-b4d56c
Convert -212313132 (base 4) to base 3.
-22002101020
Convert 237146 (base 10) to base 6.
5025522
-5620b3 (base 13) to base 9
-3736800
What is 9dab0 (base 16) in base 6?
21501504
-587858 (base 9) to base 13
-c4bc2
Convert -124406532 (base 7) to base 3.
-112222000010220
What is 463847 (base 10) in base 2?
1110001001111100111
-3bc04a (base 15) to base 2
-1010111110000010110010
-998030 (base 10) to base 5
-223414110
Convert -183347 (base 10) to base 2.
-101100110000110011
What is -a34c0b (base 13) in base 14?
-7123cc
Convert 9278 (base 16) to base 5.
2144441
4203202 (base 6) to base 3
101022022202
c77 (base 13) to base 15
96b
-a1eb (base 16) to base 14